*i - u*p = 61, 2*i = -r*i - 3*p + 21. Calculate the highest common divisor of i and 36.
18
Let h = 609 + -600. Calculate the highest common factor of h and 1521.
9
Suppose -9 = 3*r, -2*m + m = -3*r - 39. Let n(q) = q**3 - 31*q**2 + 30*q + 32. Let k be n(m). Calculate the highest common divisor of 24 and k.
8
Let f be (-4)/((-96)/2884) + (-3)/18. Calculate the highest common divisor of 520 and f.
40
Suppose 2*s = 3*s. Suppose -3*x - 4*f + 91 = s, 1 + 3 = f. Calculate the highest common factor of x and 25.
25
Let v be -72 + 4 - (-3 - 1). Let o be v/80*(0 + -55). What is the highest common factor of o and 110?
22
Let r = 1 + 2. Suppose -f + 8 = r*f. Let j = 294 + -276. Calculate the highest common factor of j and f.
2
Suppose 3*o - 8*o = -5. Let g(w) = 24*w**3. Let u be g(o). What is the highest common divisor of u and 48?
24
Let i(o) = -o**3 + 18*o**2 + 63. Let n be i(18). Calculate the greatest common factor of 45 and n.
9
Let q(i) = -i**3 - 2*i - 18. Let o be q(-3). Let r be (-16)/(-3) + (-1)/3. Calculate the greatest common divisor of o and r.
5
Let h(z) = z**3 + 8*z**2 + 4*z - 8. Let p be h(-6). Suppose 7*r - p = -r. Calculate the greatest common factor of 45 and r.
5
Suppose 0 = 5*o + 3*m, 5*o - 4*m - 21 = 14. Suppose -p + o*p = 352. Let c(b) = -b + 9. Let v be c(-7). What is the greatest common factor of v and p?
16
Suppose 6*n - 5*q + 74 = 8*n, 2*n - q = 62. What is the greatest common divisor of n and 4?
4
Let w = -384 - -387. Calculate the highest common divisor of 147 and w.
3
Let x = 69 + -44. Calculate the highest common divisor of 175 and x.
25
Suppose -2*t + w = -64, w + 2 = -0*w. Suppose 93 = 3*k + 4*g, -k = 4*k + g - 155. Calculate the greatest common divisor of t and k.
31
Let u(k) = k**3 - 4*k**2 + 3*k - 1. Let p be u(4). Let a = -1081 - -1202. Calculate the greatest common factor of p and a.
11
Let r = 363 + 237. Calculate the highest common factor of 6 and r.
6
Let x = 2481 + -1532. What is the highest common divisor of x and 73?
73
Let o = 12 - 7. Suppose 0*m - o*m = -25. Suppose g = 4*g + m*w - 121, 3*g = 4*w + 76. Calculate the highest common factor of g and 8.
8
Let b(j) = 3*j**2 - 15*j + 4. Let i be (-64)/(-11) + 8/44. Let v be b(i). Let k = v - 1. What is the greatest common divisor of k and 21?
21
Let p be (8/10 - 2)/((-2)/185). Let y be (-1548)/(-21) + (-2)/(-7). Calculate the highest common divisor of y and p.
37
Suppose 3*s + 2*y - 69 = 0, 5*s = s - 4*y + 96. Calculate the highest common factor of 651 and s.
21
Let f(r) = r**3 + 3*r**2 + 24*r + 45. Let m be f(-2). What is the highest common divisor of 1 and m?
1
Suppose 39*t - 37894 = 17252. Calculate the highest common factor of t and 14.
14
Suppose 0 = -5*a + 10, -4*n = -5*n - 3*a + 14. Let i be n + 1/((-1)/2). Let v be (i/5)/((-1)/(-5)). Calculate the greatest common divisor of 36 and v.
6
Let b = -289 + 814. What is the highest common divisor of 63 and b?
21
Let m(k) = 2*k**3 - 12*k**2 - k + 13. Let i be m(6). Calculate the highest common divisor of i and 5.
1
Suppose 5*y = -3*b + 25, -2*b - 6 + 21 = 5*y. Calculate the greatest common divisor of b and 110.
10
Suppose -d = 0, 4*h + 3*d = h + 6. Suppose l + h = 2*l. Calculate the highest common factor of 2 and l.
2
Suppose 5*o - 81 = k - 3*k, -2*k - 21 = -o. Calculate the greatest common divisor of 544 and o.
17
Let o(p) = 95*p + 9. Let u be o(0). What is the highest common divisor of 1 and u?
1
Let d(q) = -q**2 + 38*q - 259. Let x be d(10). Let w be (-126)/4*(-88)/12. Calculate the greatest common factor of x and w.
21
Let v(x) = -4 - 6*x + x + 7*x + 2*x. Let h be v(5). Calculate the highest common divisor of 16 and h.
16
Let w be (-4)/10 + (-1416)/(-40). What is the highest common divisor of 1085 and w?
35
Let b be -2 + 4 + -20 + 4. Let n = b - -38. Calculate the highest common factor of 6 and n.
6
Let z be 2/4*(-2 - -24). Suppose 5*y - 14 = z. Suppose 4*h + 2*k - 23 = 3, 0 = -k - y. Calculate the highest common divisor of h and 27.
9
Suppose 4816 = 4*x + 4*p, 2*x - 2420 = 6*p - 11*p. Calculate the highest common divisor of 12 and x.
12
Let m(j) = -j**2 + 9. Let r be m(-6). Let d = 41 + r. Calculate the highest common factor of d and 14.
14
Let d be 3 - (1 + 1 + (-6)/3). Suppose -a + 138 = 4*y, 173 = d*y + 2*y + a. What is the greatest common factor of y and 35?
35
Suppose 18*r + 24*r - 907 = -277. Let w = 11 + -6. What is the greatest common factor of r and w?
5
Let r(k) = -k**3 + 5*k**2 + 5*k - 1. Let f be r(5). Suppose -51*v = -55*v + 144. Let d = v - 0. Calculate the greatest common divisor of d and f.
12
Suppose -3*f = 12, -l + 5*f + 9 = -26. Suppose -20 = 3*b + y - 68, 5*y = 15. What is the greatest common factor of b and l?
15
Suppose -3*x = 9, x = t - 38 - 4. What is the greatest common factor of 65 and t?
13
Let k(u) = 7*u + 85. Let b be k(5). What is the greatest common factor of 40 and b?
40
Let p(i) = -5*i - 18. Let j be p(-3). Let l be -3 + (0 + (-35)/3)*j. Calculate the greatest common divisor of 160 and l.
32
Let b(r) = -r**3 + 2*r**2 - 4*r - 1. Let d be b(-3). Let k be d + -1*(-2)/2. Suppose 0*g = -g + 19. Calculate the highest common divisor of k and g.
19
Suppose 2*t = -2, 0 = 19*l - 21*l + 5*t + 39. Calculate the highest common divisor of l and 731.
17
Let m be (-1)/(21/(-168)*2/1). What is the greatest common divisor of m and 548?
4
Let v(a) = 27*a - 6. Let t(g) = -13*g + 3. Let b(k) = -7*t(k) - 3*v(k). Let u be b(8). Calculate the greatest common divisor of 7 and u.
7
Let b(t) = -t**3 + 6*t**2 - 2*t - 1. Let y be (-11)/(-33)*(6 - 0). Let n be b(y). Let a = -14 - -25. What is the greatest common factor of a and n?
11
Let f be (5/(-20))/((-3)/756). What is the highest common factor of f and 9?
9
Let a(s) = -s**3 - s**2 - 2*s + 5. Let n be a(0). Let l be 816/85 + (-3)/n. What is the greatest common divisor of 9 and l?
9
Let p be 8*(3/4 + 0). Let x = p + -9. Let d be (0 + 5 - x)*2. Calculate the greatest common factor of 16 and d.
16
Let d = -1953 + 1974. Suppose 0*l - 4*i = 3*l - 47, 0 = -2*i - 8. What is the greatest common factor of d and l?
21
Suppose 1 = 5*r + 4*g - 227, -2*r - 3*g + 87 = 0. What is the highest common divisor of 32 and r?
16
Suppose 0 = f - 2 - 0, 4*q + 4*f + 656 = 0. Let b = q + 342. What is the greatest common divisor of b and 11?
11
Suppose 2*i - 2 = 0, 3*n - 3*i - i + 25 = 0. Let o be n/(-28) - 6/(-8). What is the greatest common factor of o and 11?
1
Let j be (-7)/(-154)*3048 - 30/55. What is the greatest common divisor of 6 and j?
6
Let i(u) = 7*u**2 + 2*u - 51. Let r be i(7). Calculate the highest common factor of 45 and r.
9
Suppose 3*m = -4*g + 163, 3*m - 13 - 2 = 0. Calculate the greatest common factor of 37 and g.
37
Let s be (-12)/15*(-13 + -2). Suppose 5*a - s = a. Suppose g - a = 0, 2*d + 2*g - 6 = 4*g. Calculate the greatest common factor of d and 24.
6
Let o(j) = -j**3 - 5*j**2 - 4*j - 5. Let m be o(-4). Let u be (-1 - -2) + (19 - m/1). What is the highest common divisor of u and 225?
25
Let p(d) = -9*d**2 + 65*d - 11. Let s be p(5). Calculate the greatest common factor of s and 445.
89
Let d be ((-369)/(-3))/(12/(-8)). Let z = d - -96. What is the greatest common divisor of 14 and z?
14
Let t = 55 - 31. Suppose -160 = -14*d + 50. Suppose 0 = 4*f - 5*b - 19 - 70, 0 = 3*b + d. Calculate the highest common divisor of f and t.
8
Suppose -3*q - 4 = -q, -4*o - 3*q = -550. Suppose 2*b = 5*i - 967, -2*i + 3*b + 398 = 5*b. Let j = i - o. Calculate the greatest common divisor of j and 8.
8
Let p = -187 + 221. What is the highest common factor of p and 102?
34
Let g = -87 + 96. What is the greatest common factor of 657 and g?
9
Let t be 0*5/(-20)*1. Suppose 3*a - 212 - 76 = t. Calculate the greatest common divisor of a and 12.
12
Let o = 35 - 24. Let p = o - 10. Let j be (-1 - -3 - -1) + p. What is the greatest common divisor of j and 2?
2
Let f(v) be the first derivative of -31*v**2 - 7. Let x be f(-4). What is the highest common factor of x and 31?
31
Let j be (-180)/(-3)*2/(-5). Let m be (-52)/6*j/16. Calculate the greatest common factor of 143 and m.
13
Let q(g) = -g + 161. Let t be q(31). What is the greatest common divisor of t and 26?
26
Suppose -5*l - 48 = -l. Let z = l + 25. Suppose 9 = g - 4. Calculate the greatest common factor of g and z.
13
Let n(k) 